 Give v(-4).
3
Let t = 2982 - 2982. Let q(c) be the second derivative of 5/2*c**2 - 32*c - 7/6*c**3 + t. Calculate q(4).
-23
Let x(m) = 165*m - 71 - 140 + 75 - 61 - 135*m. Let j be x(7). Let o(w) = -2*w + 27. Give o(j).
1
Let n(y) = y**3 + 10*y**2 + 7*y + 23. Suppose 4*p = -2*l - 46, -355*l + 350*l = p + 43. What is n(p)?
95
Let a(d) = d**3 + 6*d**2 - 8*d - 6. Let m(v) = v**2 - 4*v - 7. Suppose 0 = -g + 4*k + 4, 3*k - 6 + 9 = -3*g. Let o be m(g). Determine a(o).
1
Let q(h) = h**3 - 41*h**2 - 133*h + 46. Let p be q(44). Let r(z) = 6618 - p*z - 6617 + z**3 + 3*z**2 - 2*z**2. Determine r(2).
9
Let s(f) = f**3 + 7*f**2 - 21*f - 15. Let p = -2965 - -2956. Give s(p).
12
Let j(v) = 74*v - 147. Let t be j(2). Let q(d) = -7*d**3 + 4*d - 2. Calculate q(t).
-5
Let m be 327/(-872) + (-27)/(-8). Let l(k) be the third derivative of -1/6*k**4 + 0*k + 10*k**2 + 0 - 1/60*k**5 + 1/2*k**m. Give l(-4).
3
Let s(n) = -12*n - 76. Let i be (-2286)/(-635)*(24/(-9) - -1). Calculate s(i).
-4
Suppose -12*z = -423 - 561. Suppose -17*h = -3 - z. Let l(b) = -h*b**2 + 2*b - 5 + 5*b - 2*b + 6*b**2. Calculate l(-5).
-5
Let o(v) be the third derivative of -v**7/2520 + v**6/240 + v**5/60 + 137*v**4/24 - 12*v**2. Let l(r) be the second derivative of o(r). What is l(7)?
-26
Let i = -1108 + 1041. Let r(k) = -k**2 - k + 62. Let p be r(0). Let c = i + p. Let y(h) = -h + 4. Give y(c).
9
Let x(l) = -2*l - 9. Let g be (-58)/(-319) - 2/11. Suppose g = -3*f - 2*h - 15, f - 3*f + 2*h - 20 = 0. Determine x(f).
5
Let s(k) = 3*k**2 - 2*k + 17. Let z(j) be the first derivative of 5*j**3/3 - 3*j**2/2 + 26*j - 10. Let w(d) = -8*s(d) + 5*z(d). Calculate w(-3).
0
Let v = 33521 - 33525. Let o(d) be the second derivative of d**4/12 + d**3/2 + d**2/2 - d. Determine o(v).
5
Let r(z) = 329*z - 39. Let v(t) = -150*t + 20. Let f(k) = -6*r(k) - 13*v(k). Determine f(-1).
-2
Let c(t) = -3*t - 12. Suppose -6*f + 5*f - 15 = 0. Let l = f - -10. What is c(l)?
3
Let d(h) be the first derivative of 7*h**2/2 + 4*h - 1. Suppose -63 = 67*q - 18*q + 84. What is d(q)?
-17
Let b(w) = -3*w**2 - 142*w + 510. Let x(v) = 2*v**2 + 73*v - 260. Let g(q) = 3*b(q) + 5*x(q). Calculate g(57).
2
Let a(t) be the first derivative of 5*t**4/12 + t**3/3 - 7*t**2/2 + 78. Let k(y) be the second derivative of a(y). Calculate k(-1).
-8
Let i(u) = 11*u + 38. Let b(h) = 31*h + 110. Let f(n) = 4*b(n) - 11*i(n). Determine f(-3).
13
Let l(x) = x**2 + 4*x - 82. Let j be (-8)/14 - (-10 + ((-20449)/(-77))/13). Calculate l(j).
-5
Let v(s) = s**3 - s**2 - 3*s + 2. Suppose -5*l + 4*n + 37 = 0, -2*l - n = -16 - 4. Suppose -11*f + 42 - l = 0. Calculate v(f).
11
Let g(p) = 2*p**3 - 6*p**2 + 2*p + 2. Let n be 80/15 - (-4)/(-3). Determine g(n).
42
Let u(w) = 2*w**3 + 13*w**2 - 21*w + 23. Let l be u(-8). Let o(p) = -4*p**3 + 7*p**2 + 5*p + 2. Calculate o(l).
8
Suppose -10*m + 153 = -m. Let w = m + -11. Let u(o) = 18*o**2 - 4*o + w - 3*o + 2*o - 17*o**2. Give u(5).
6
Let o(y) = y**3 + y**2 - 14*y - 27. Let u be o(-6). Let s = -111 - u. Let x(c) = -c + 12. Calculate x(s).
0
Let b be 1142/8 + 130/104. Suppose -28*v + 52 = -b. Let n(m) be the first derivative of -m**4/4 + 8*m**3/3 - 7*m**2/2 - 3*m - 2. What is n(v)?
-3
Let v(x) = -79 - 78 + 410*x - 86 - 403*x. What is v(36)?
9
Let a = 7734 - 7730. Let c(l) = -9*l + 0 + 4 + 7*l + 6*l. Calculate c(a).
20
Let j(c) = -2*c**3 - 2*c**2 + 3*c + 3. Suppose 0 = -2*m + q - 3, -3*q + 11 = -6*m + 2*m. Suppose u - 5 + m = 0. Suppose u*d + 10 = -d. Calculate j(d).
5
Let f(x) = -6*x - 12. Suppose -3 = -25*g + 26*g. Let m be f(g). Let i(p) = -p**2 + 8*p + 5. Determine i(m).
17
Let n = 102 - 101. Let x(r) = r**2 + r. Let p(f) = 3*f**2 + 4*f + 12. Let m(t) = n*x(t) - p(t). Let o(g) be the first derivative of m(g). Calculate o(6).
-27
Let y = 14048 - 14050. Let b(c) be the third derivative of 0 - 1/12*c**4 + 0*c - 1/20*c**5 - 2*c**2 - 1/3*c**3. Calculate b(y).
-10
Let p(i) = 6*i - i - 20925 + 21105. Determine p(-37).
-5
Let x(l) = -10*l + 14. Let i be x(-1). Suppose 74 = i*k - 22. Let t(d) = -2*d + 4. Give t(k).
-4
Let s(n) = -n. Let k(l) = 3*l + 2. Let r(c) = -k(c) - 2*s(c). Let f(g) = -4*g**2 + 4*g + 4. Let h be f(-5). Let j = -120 - h. Calculate r(j).
2
Suppose -5*v = -10, -2*c + 5 = -c - 2*v. Suppose -3 = -l, -l + 0 = -3*b - c. Let f(w) = -w**3 - 2*w**2 + 2. Let o be f(b). Let i(r) = 3*r - 3. Calculate i(o).
3
Let r(k) = -k**3 - 42*k**2 - 49*k - 334. Let v be r(-41). Let a(w) = -w**2 - 13*w - 47. What is a(v)?
-5
Let o(v) be the third derivative of 0 - 1/60*v**5 + 261*v**2 + 0*v - 2/3*v**3 + 7/24*v**4. What is o(4)?
8
Let t(b) = 3*b**3 + 8*b**2 + 9*b + 3. Let j(y) = y**3 + 2*y**2 + 3*y. Let p(h) = 2*j(h) - t(h). Give p(-2).
-5
Suppose -5*n - v = -432, 0 = -n - 9*v + 4*v + 72. Suppose -68*k + 19 = -n*k. Let u(x) = 2*x**2 + 1 - 2*x + 2 - 4. Determine u(k).
3
Suppose -2*d - 5*k - 30 = -3*d, 0 = 4*d + k - 78. Let w(i) = 22*i - 38*i - d*i. Give w(1).
-36
Let h(x) = 11*x + 89. Let q be h(-7). Let i(c) = -2*c + q*c**3 - 20*c**3 - c**2 - 1 + 0*c**3. Determine i(-1).
8
Let f(d) = -d**3 - 7*d**2 - 2*d - 9. Let w(h) = -h**3 - 10*h**2 + 11*h + 3. Let x be w(-11). Suppose 4*j = c - 5, 0 = j + x. Give f(c).
5
Let m(s) = -3507*s + 3*s**2 - 3 - 3 + 3529*s - 9*s**2. Determine m(4).
-14
Suppose 0 = -5*r + 6*r + 1, 5*u = 3*r - 2. Let x be (1/(2/(-12)))/(0 + u). Let h(p) = -p**3 + 7*p**2 - 3*p - 4. Determine h(x).
14
Let r(x) = -81 - 3*x + 2*x**2 - 88 + 256 - 83. Let g(t) = -t**3 - 4*t**2 + 4*t + 1. Let a be g(-5). Suppose 5*d = -a*k + k + 5, 2*k - d = 8. What is r(k)?
13
Let o(v) = v**3 + v**2 - v - 1. Let i be o(0). Let r(x) = -11*x**2 + 279*x + 5. Let w(c) = -22*c**2 + 614*c + 11. Let l(k) = -11*r(k) + 5*w(k). Calculate l(i).
10
Let o = 18898 + -18901. Let p(f) = 2*f**3 + 6*f**2 - 3. Calculate p(o).
-3
Let g(i) = 23*i + 1009. Let v be (5100/(-140) + 37)/(1/(-77)). What is g(v)?
-3
Let f(a) = -a**3 - 6*a**2 - 3*a + 6. Let s be f(-5). Let r be (s + 5)*(2 - -6). Let i(g) = -2*g + 9*g + 5 - r*g. What is i(9)?
-4
Let y(s) = -56*s**2 - 22*s + 28. Let k(i) = 148*i**2 + 61*i - 83. Let u(g) = -3*k(g) - 8*y(g). Determine u(5).
90
Let l be 13/117 + (-14)/(-63). Let i(s) be the first derivative of -4*s + 3*s**2 - l*s**3 + 10. Give i(4).
4
Let x(d) = -6*d**2 - 7*d - 1. Let w(h) = -5*h**2 - 5*h. Suppose -23 + 8 = 5*i. Let n(g) = i*w(g) + 2*x(g). Give n(1).
2
Let t(j) = 313*j - 6 - 316*j - 4 - 1. Let w be t(-5). Let r(f) = f**2 - 3*f - 9. Give r(w).
-5
Let z(g) = -g**3 - 10*g**2 - g - 9. Suppose -2*v = -3 - 9. Suppose -p = -3*b - 25, v*p - p = -4*b - 65. Determine z(b).
1
Suppose 120*v - 238*v - 2 = -119*v. Let w(t) be the first derivative of -5/3*t**3 + 1/4*t**4 + 5/2*t**v - 19 - 6*t. Determine w(4).
-2
Suppose -3*i + 16 + 5 = 2*t, 2*i + 4*t - 14 = 0. Let f(x) = -x - i + 6*x - 3*x - 3*x + 2*x. Determine f(10).
3
Suppose 3*g - 45 - 117 = 0. Suppose 3*d = g - 21. Let t(o) = 2 - d + o + o. Determine t(6).
3
Let o(k) = 3*k**2 - 71*k - 232. Let a be o(-3). Let n(b) = -b**2 + 3*b - 3. Calculate n(a).
-43
Let c(k) = -k**3 - 6*k**2 + 18*k - 8. Let t be 2993/(-369) - 7/(-63). Determine c(t).
-24
Let h(p) = 2*p - 2 - 1 - p. Let i = -35394 - -35388. What is h(i)?
-9
Suppose 347 = 7*q - 31. Let g be q/(-72)*(27 + 1). Let s = -22 - g. Let n(x) = 22*x**2 + x. Determine n(s).
21
Let x(k) = k**3 + 5*k**2 - 5*k - 1. Let m be -1 + 0 + 0 - (349 - 1). Let g = m - -344. Give x(g).
24
Suppose m - 4*q = 11, -5*q = -0 + 5. Let f(w) = -m + 4 - 6 + 7 - 12*w. Give f(-2).
22
Let d(q) = 4*q**3 + 57*q**2 + 143*q - 192. Let l(w) = -w**3 - 14*w**2 - 35*w + 48. Let s(h) = -12*d(h) - 49*l(h). What is s(0)?
-48
Let j be (3/2)/(9*2/204). Suppose 6*x - 3*x + 5*c = j, 0 = -x + 2*c + 2. Let a(n) be the second derivative of -n**3/6 + 3*n**2 + 38*n. Determine a(x).
2
Let p be (-70)/105*9/(-6). Let i(c) = 13*c - 10. Calculate i(p).
3
Let u(x) = -11*x**3 + 27*x**2 - 2*x - 44. Let q(i) = 13*i**3 - 29*i**2 + 2*i + 46. Let p(t) = -6*q(t) - 7*u(t). Give p(-15).
2
Let p(w) be the first derivative of -7*w**2/2 + 31*w + 173. Let x(r) = 4*r - 15. Let g be x(5). Determine p(g).
-4
Let q = 46 + -43. Let u(f) be the first derivative of f**4/4 - 2*f**3/3 - 3*f**2/2 + f + 350. Calculate u(q).
1
Let n(k) be the second derivative of -k**5/20 + 31*k**4/12 - 61*k**3/6 + 50*k**2 - 5358*k. Determine n(29).
13
